{"id":251,"date":"2025-11-30T16:56:29","date_gmt":"2025-11-30T19:56:29","guid":{"rendered":"https:\/\/sites.niteroi.rj.gov.br\/mercocidades\/?page_id=251"},"modified":"2025-12-05T18:09:19","modified_gmt":"2025-12-05T21:09:19","slug":"galeria-de-fotos","status":"publish","type":"page","link":"https:\/\/sites.niteroi.rj.gov.br\/mercocidades\/index.php\/galeria-de-fotos\/","title":{"rendered":"Galeria de fotos"},"content":{"rendered":"<p>[et_pb_section fb_built=&#8221;1&#8243; _builder_version=&#8221;4.24.3&#8243; _module_preset=&#8221;default&#8221; custom_margin=&#8221;||-90px|||&#8221; global_colors_info=&#8221;{}&#8221;][et_pb_row _builder_version=&#8221;4.24.3&#8243; _module_preset=&#8221;default&#8221; min_height=&#8221;67px&#8221; custom_padding=&#8221;||23px|||&#8221; global_colors_info=&#8221;{}&#8221;][et_pb_column type=&#8221;4_4&#8243; _builder_version=&#8221;4.24.3&#8243; _module_preset=&#8221;default&#8221; global_colors_info=&#8221;{}&#8221;][et_pb_image src=&#8221;https:\/\/sites.niteroi.rj.gov.br\/mercocidades\/wp-content\/uploads\/2025\/12\/MercoCidades2025-18700-1-1.jpg&#8221; title_text=&#8221;MercoCidades2025-18700 (1) (1)&#8221; align=&#8221;center&#8221; _builder_version=&#8221;4.24.3&#8243; _module_preset=&#8221;default&#8221; hover_enabled=&#8221;0&#8243; global_colors_info=&#8221;{}&#8221; sticky_enabled=&#8221;0&#8243;][\/et_pb_image][et_pb_heading title=&#8221;GALERIA DE FOTOS POR DIA&#8221; _builder_version=&#8221;4.24.3&#8243; _module_preset=&#8221;default&#8221; global_colors_info=&#8221;{}&#8221;][\/et_pb_heading][\/et_pb_column][\/et_pb_row][\/et_pb_section][et_pb_section fb_built=&#8221;1&#8243; admin_label=&#8221;section&#8221; _builder_version=&#8221;4.16&#8243; custom_padding=&#8221;2px|||||&#8221; collapsed=&#8221;off&#8221; global_colors_info=&#8221;{}&#8221;][et_pb_row admin_label=&#8221;row&#8221; _builder_version=&#8221;4.16&#8243; background_size=&#8221;initial&#8221; background_position=&#8221;top_left&#8221; background_repeat=&#8221;repeat&#8221; global_colors_info=&#8221;{}&#8221;][et_pb_column type=&#8221;4_4&#8243; _builder_version=&#8221;4.16&#8243; custom_padding=&#8221;|||&#8221; global_colors_info=&#8221;{}&#8221; custom_padding__hover=&#8221;|||&#8221;][et_pb_button button_url=&#8221;https:\/\/drive.google.com\/drive\/folders\/1_y20WL-_9RuSTymmH113nZsMZCyirdzu?usp=sharing&#8221; button_text=&#8221;01\/12 &#8211; ABERTURA FOMERCO&#8221; _builder_version=&#8221;4.24.3&#8243; _module_preset=&#8221;default&#8221; custom_button=&#8221;on&#8221; button_text_color=&#8221;#003E8B&#8221; global_colors_info=&#8221;{}&#8221;][\/et_pb_button][et_pb_button button_url=&#8221;https:\/\/photos.google.com\/share\/AF1QipNpAaCrBBbkn1rfyzPp4cfynmoS25r80ibfFwKuXqjZDq9PpOcbTPM3Xc2OoHTeAg?pli=1&#038;key=RVBrMVZGam9CSjU0X2JzaU5pZGlvTElGOE53ODl3&#8243; button_text=&#8221;02\/12 &#8211; ABERTURA DO F\u00d3RUM DE SEGURAN\u00c7A P\u00daBLICA EM PERPECTIVAS TRANSVERSAIS&#8221; _builder_version=&#8221;4.24.3&#8243; _module_preset=&#8221;default&#8221; custom_button=&#8221;on&#8221; button_text_color=&#8221;#003E8B&#8221; global_colors_info=&#8221;{}&#8221;][\/et_pb_button][et_pb_button button_url=&#8221;https:\/\/photos.google.com\/share\/AF1QipNSmpccMKA05QAnoBtiFRnyTcoXSdPO85odvTfYLiQovifV5e7zItZEn2uBWYTsPA?key=Y2dWLUR5bmdzUGxYV2FqaWxWT0tsWk1PZmQtYjhB&#8221; button_text=&#8221;02\/12 &#8211; MESA 1: CONSTRUINDO CIDADES SEGURAS: CASES DE SUCESSO DA AM\u00c9RICA LATINA&#8221; _builder_version=&#8221;4.24.3&#8243; _module_preset=&#8221;default&#8221; custom_button=&#8221;on&#8221; button_text_color=&#8221;#003E8B&#8221; global_colors_info=&#8221;{}&#8221;][\/et_pb_button][et_pb_button button_url=&#8221;https:\/\/photos.app.goo.gl\/eFpZxdJAJYmrT2ND7&#8243; button_text=&#8221;02\/12 &#8211; Mesa 2: Balan\u00e7o da COP30: o papel das cidades na agenda clim\u00e1tica&#8221; _builder_version=&#8221;4.24.3&#8243; _module_preset=&#8221;default&#8221; custom_button=&#8221;on&#8221; button_text_color=&#8221;#003E8B&#8221; global_colors_info=&#8221;{}&#8221;][\/et_pb_button][et_pb_button button_url=&#8221;https:\/\/photos.app.goo.gl\/pqmrAfs9dwaZxSMa8&#8243; button_text=&#8221;02\/12 &#8211; MESA 3 &#8211; CONSTRUINDO CIDADES CUIDADORAS&#8221; _builder_version=&#8221;4.24.3&#8243; _module_preset=&#8221;default&#8221; custom_button=&#8221;on&#8221; button_text_color=&#8221;#003E8B&#8221; global_colors_info=&#8221;{}&#8221;][\/et_pb_button][et_pb_button button_url=&#8221;https:\/\/www.flickr.com\/photos\/fnprefeitos\/albums\/72177720330667570\/&#8221; button_text=&#8221;02\/12 &#8211; Lan\u00e7amento do projeto Conex\u00e3o urbana&#8221; _builder_version=&#8221;4.24.3&#8243; _module_preset=&#8221;default&#8221; custom_button=&#8221;on&#8221; button_text_color=&#8221;#003E8B&#8221; global_colors_info=&#8221;{}&#8221;][\/et_pb_button][et_pb_button button_url=&#8221;https:\/\/photos.google.com\/share\/AF1QipONYGOT8ymWJ5B-13frpRxuqte9nBGcArM_BnfSSue1QBpeexj2xZc7heTERI0SMw?key=Y0pFNmVqZHp4Vk1pOXZlY0RtYTNsUWVSSFZ2UU1n&#8221; button_text=&#8221;02\/12 &#8211; FESTIVAL MERCOCIDADES ARTE E CULTURA LATINA&#8221; _builder_version=&#8221;4.24.3&#8243; _module_preset=&#8221;default&#8221; custom_button=&#8221;on&#8221; button_text_color=&#8221;#003E8B&#8221; global_colors_info=&#8221;{}&#8221;][\/et_pb_button][et_pb_button button_url=&#8221;https:\/\/photos.app.goo.gl\/XcK2JCTsdFquyRcp9&#8243; button_text=&#8221;03\/12 &#8211; REUNI\u00d5ES DAS UNIDADES TEM\u00c1TICAS&#8221; _builder_version=&#8221;4.24.3&#8243; _module_preset=&#8221;default&#8221; custom_button=&#8221;on&#8221; button_text_color=&#8221;#003E8B&#8221; global_colors_info=&#8221;{}&#8221;][\/et_pb_button][et_pb_button button_url=&#8221;https:\/\/photos.app.goo.gl\/2BQKiNgHpKSmE3qS7&#8243; button_text=&#8221;03\/12 &#8211; ABERTURA SOLENE DOS DI\u00c1LOGOS FNP &#8211; MERCOCIDADES&#8221; _builder_version=&#8221;4.24.3&#8243; _module_preset=&#8221;default&#8221; custom_button=&#8221;on&#8221; button_text_color=&#8221;#003E8B&#8221; global_colors_info=&#8221;{}&#8221;][\/et_pb_button][et_pb_button button_url=&#8221;https:\/\/drive.google.com\/drive\/folders\/1YySLcxW1u5Fy0QaerIUacOqtxcEV0Leq?usp=sharing&#8221; button_text=&#8221;03\/12 &#8211; CONFER\u00caNCIA FOMERCO&#8221; _builder_version=&#8221;4.24.3&#8243; _module_preset=&#8221;default&#8221; custom_button=&#8221;on&#8221; button_text_color=&#8221;#003E8B&#8221; global_colors_info=&#8221;{}&#8221;][\/et_pb_button][et_pb_button button_url=&#8221;https:\/\/drive.google.com\/drive\/folders\/1iTy_pkBgH3Q9dB15m5N6Mqjbu9O8vCfQ&#8221; button_text=&#8221;03\/12 &#8211; Semin\u00e1rio Tem\u00e1tico Conex\u00e3o Urbana: Projeto FNP-Sebrae&#8221; _builder_version=&#8221;4.24.3&#8243; _module_preset=&#8221;default&#8221; custom_button=&#8221;on&#8221; button_text_color=&#8221;#003E8B&#8221; global_colors_info=&#8221;{}&#8221;][\/et_pb_button][et_pb_button button_url=&#8221;https:\/\/drive.google.com\/drive\/folders\/1P8BT0YEY56GfGE5yyJxjzdQLUypkU1GS&#8221; button_text=&#8221;04\/12 &#8211; VISITAS T\u00c9CNICAS&#8221; _builder_version=&#8221;4.24.3&#8243; _module_preset=&#8221;default&#8221; custom_button=&#8221;on&#8221; button_text_color=&#8221;#003E8B&#8221; global_colors_info=&#8221;{}&#8221;][\/et_pb_button][et_pb_button button_url=&#8221;https:\/\/drive.google.com\/drive\/folders\/1E6-NmhfOjjizT2SSXnoq56MQyBNlPidc&#8221; button_text=&#8221;04\/12 &#8211; REUNI\u00c3O DO CONSELHO DE MERCOCIDADES&#8221; _builder_version=&#8221;4.24.3&#8243; _module_preset=&#8221;default&#8221; custom_button=&#8221;on&#8221; button_text_color=&#8221;#003E8B&#8221; global_colors_info=&#8221;{}&#8221;][\/et_pb_button][et_pb_button button_url=&#8221;https:\/\/drive.google.com\/drive\/folders\/10wlwOr8sZQIjd69-j7DMkrkKRjNItKqr&#8221; button_text=&#8221;04\/12 &#8211; ABERTURA OFICIAL DA XXX C\u00daPULA DE MERCOCIDADES&#8221; _builder_version=&#8221;4.24.3&#8243; _module_preset=&#8221;default&#8221; custom_button=&#8221;on&#8221; button_text_color=&#8221;#003E8B&#8221; global_colors_info=&#8221;{}&#8221;][\/et_pb_button][et_pb_button button_url=&#8221;https:\/\/photos.google.com\/share\/AF1QipMlZQJjaYEl9v4pCfnr-VvU_EZoADNiSfqdUzf8qRXB8WOtN44wKE4bGsMHJud6sA?key=cWpwQkp3VkdkbGRtbDc0VmwxRXRJX1hhV0NwRnJ3&#8243; button_text=&#8221;05\/12 &#8211; ASSEMBLEIA MERCOCIDADES E POSSE PARA PRESIDENTE DA REDE&#8221; _builder_version=&#8221;4.24.3&#8243; _module_preset=&#8221;default&#8221; custom_button=&#8221;on&#8221; button_text_color=&#8221;#003E8B&#8221; global_colors_info=&#8221;{}&#8221;][\/et_pb_button][\/et_pb_column][\/et_pb_row][\/et_pb_section]<\/p>\n","protected":false},"excerpt":{"rendered":"","protected":false},"author":2,"featured_media":0,"parent":0,"menu_order":0,"comment_status":"closed","ping_status":"closed","template":"","meta":{"_et_pb_use_builder":"on","_et_pb_old_content":"","_et_gb_content_width":"","footnotes":""},"class_list":["post-251","page","type-page","status-publish","hentry"],"_links":{"self":[{"href":"https:\/\/sites.niteroi.rj.gov.br\/mercocidades\/index.php\/wp-json\/wp\/v2\/pages\/251","targetHints":{"allow":["GET"]}}],"collection":[{"href":"https:\/\/sites.niteroi.rj.gov.br\/mercocidades\/index.php\/wp-json\/wp\/v2\/pages"}],"about":[{"href":"https:\/\/sites.niteroi.rj.gov.br\/mercocidades\/index.php\/wp-json\/wp\/v2\/types\/page"}],"author":[{"embeddable":true,"href":"https:\/\/sites.niteroi.rj.gov.br\/mercocidades\/index.php\/wp-json\/wp\/v2\/users\/2"}],"replies":[{"embeddable":true,"href":"https:\/\/sites.niteroi.rj.gov.br\/mercocidades\/index.php\/wp-json\/wp\/v2\/comments?post=251"}],"version-history":[{"count":28,"href":"https:\/\/sites.niteroi.rj.gov.br\/mercocidades\/index.php\/wp-json\/wp\/v2\/pages\/251\/revisions"}],"predecessor-version":[{"id":382,"href":"https:\/\/sites.niteroi.rj.gov.br\/mercocidades\/index.php\/wp-json\/wp\/v2\/pages\/251\/revisions\/382"}],"wp:attachment":[{"href":"https:\/\/sites.niteroi.rj.gov.br\/mercocidades\/index.php\/wp-json\/wp\/v2\/media?parent=251"}],"curies":[{"name":"wp","href":"https:\/\/api.w.org\/{rel}","templated":true}]}}

<p>[et_pb_section fb_built=&#8221;1&#8243; _builder_version=&#8221;4.24.3&#8243; _module_preset=&#8221;default&#8221; custom_margin=&#8221;||-90px|||&#8221; global_colors_info=&#8221;{}&#8221;][et_pb_row _builder_version=&#8221;4.24.3&#8243; _module_preset=&#8221;default&#8221; min_height=&#8221;67px&#8221; custom_padding=&#8221;||23px|||&#8221; global_colors_info=&#8221;{}&#8221;][et_pb_column type=&#8221;4_4&#8243; _builder_version=&#8221;4.24.3&#8243; _module_preset=&#8221;default&#8221; global_colors_info=&#8221;{}&#8221;][et_pb_image src=&#8221;https://sites.niteroi.rj.gov.br/mercocidades/wp-content/uploads/2025/12/MercoCidades2025-18700-1-1.jpg&#8221; title_text=&#8221;MercoCidades2025-18700 (1) (1)&#8221; align=&#8221;center&#8221; _builder_version=&#8221;4.24.3&#8243; _module_preset=&#8221;default&#8221; hover_enabled=&#8221;0&#8243; global_colors_info=&#8221;{}&#8221; sticky_enabled=&#8221;0&#8243;][/et_pb_image][et_pb_heading title=&#8221;GALERIA DE FOTOS POR DIA&#8221; _builder_version=&#8221;4.24.3&#8243; _module_preset=&#8221;default&#8221; global_colors_info=&#8221;{}&#8221;][/et_pb_heading][/et_pb_column][/et_pb_row][/et_pb_section][et_pb_section fb_built=&#8221;1&#8243; admin_label=&#8221;section&#8221; _builder_version=&#8221;4.16&#8243; custom_padding=&#8221;2px|||||&#8221; collapsed=&#8221;off&#8221; global_colors_info=&#8221;{}&#8221;][et_pb_row admin_label=&#8221;row&#8221; _builder_version=&#8221;4.16&#8243; background_size=&#8221;initial&#8221; background_position=&#8221;top_left&#8221; background_repeat=&#8221;repeat&#8221; global_colors_info=&#8221;{}&#8221;][et_pb_column type=&#8221;4_4&#8243; _builder_version=&#8221;4.16&#8243; custom_padding=&#8221;|||&#8221; global_colors_info=&#8221;{}&#8221; custom_padding__hover=&#8221;|||&#8221;][et_pb_button button_url=&#8221;https://drive.google.com/drive/folders/1_y20WL-_9RuSTymmH113nZsMZCyirdzu?usp=sharing&#8221; button_text=&#8221;01/12 &#8211; ABERTURA FOMERCO&#8221; _builder_version=&#8221;4.24.3&#8243; _module_preset=&#8221;default&#8221; custom_button=&#8221;on&#8221; button_text_color=&#8221;#003E8B&#8221; global_colors_info=&#8221;{}&#8221;][/et_pb_button][et_pb_button button_url=&#8221;https://photos.google.com/share/AF1QipNpAaCrBBbkn1rfyzPp4cfynmoS25r80ibfFwKuXqjZDq9PpOcbTPM3Xc2OoHTeAg?pli=1&#038;key=RVBrMVZGam9CSjU0X2JzaU5pZGlvTElGOE53ODl3&#8243; button_text=&#8221;02/12 &#8211; ABERTURA DO FÓRUM DE SEGURANÇA PÚBLICA EM PERPECTIVAS TRANSVERSAIS&#8221; _builder_version=&#8221;4.24.3&#8243; _module_preset=&#8221;default&#8221; custom_button=&#8221;on&#8221; button_text_color=&#8221;#003E8B&#8221; global_colors_info=&#8221;{}&#8221;][/et_pb_button][et_pb_button button_url=&#8221;https://photos.google.com/share/AF1QipNSmpccMKA05QAnoBtiFRnyTcoXSdPO85odvTfYLiQovifV5e7zItZEn2uBWYTsPA?key=Y2dWLUR5bmdzUGxYV2FqaWxWT0tsWk1PZmQtYjhB&#8221; button_text=&#8221;02/12 &#8211; MESA 1: CONSTRUINDO CIDADES SEGURAS: CASES DE SUCESSO DA AMÉRICA LATINA&#8221; _builder_version=&#8221;4.24.3&#8243; _module_preset=&#8221;default&#8221; custom_button=&#8221;on&#8221; button_text_color=&#8221;#003E8B&#8221; global_colors_info=&#8221;{}&#8221;][/et_pb_button][et_pb_button button_url=&#8221;https://photos.app.goo.gl/eFpZxdJAJYmrT2ND7&#8243; button_text=&#8221;02/12 &#8211; Mesa 2: Balanço da COP30: o papel das cidades na agenda climática&#8221; _builder_version=&#8221;4.24.3&#8243; _module_preset=&#8221;default&#8221; custom_button=&#8221;on&#8221; button_text_color=&#8221;#003E8B&#8221; global_colors_info=&#8221;{}&#8221;][/et_pb_button][et_pb_button button_url=&#8221;https://photos.app.goo.gl/pqmrAfs9dwaZxSMa8&#8243; button_text=&#8221;02/12 &#8211; MESA 3 &#8211; CONSTRUINDO CIDADES CUIDADORAS&#8221; _builder_version=&#8221;4.24.3&#8243; _module_preset=&#8221;default&#8221; custom_button=&#8221;on&#8221; button_text_color=&#8221;#003E8B&#8221; global_colors_info=&#8221;{}&#8221;][/et_pb_button][et_pb_button button_url=&#8221;https://www.flickr.com/photos/fnprefeitos/albums/72177720330667570/&#8221; button_text=&#8221;02/12 &#8211; Lançamento do projeto Conexão urbana&#8221; _builder_version=&#8221;4.24.3&#8243; _module_preset=&#8221;default&#8221; custom_button=&#8221;on&#8221; button_text_color=&#8221;#003E8B&#8221; global_colors_info=&#8221;{}&#8221;][/et_pb_button][et_pb_button button_url=&#8221;https://photos.google.com/share/AF1QipONYGOT8ymWJ5B-13frpRxuqte9nBGcArM_BnfSSue1QBpeexj2xZc7heTERI0SMw?key=Y0pFNmVqZHp4Vk1pOXZlY0RtYTNsUWVSSFZ2UU1n&#8221; button_text=&#8221;02/12 &#8211; FESTIVAL MERCOCIDADES ARTE E CULTURA LATINA&#8221; _builder_version=&#8221;4.24.3&#8243; _module_preset=&#8221;default&#8221; custom_button=&#8221;on&#8221; button_text_color=&#8221;#003E8B&#8221; global_colors_info=&#8221;{}&#8221;][/et_pb_button][et_pb_button button_url=&#8221;https://photos.app.goo.gl/XcK2JCTsdFquyRcp9&#8243; button_text=&#8221;03/12 &#8211; REUNIÕES DAS UNIDADES TEMÁTICAS&#8221; _builder_version=&#8221;4.24.3&#8243; _module_preset=&#8221;default&#8221; custom_button=&#8221;on&#8221; button_text_color=&#8221;#003E8B&#8221; global_colors_info=&#8221;{}&#8221;][/et_pb_button][et_pb_button button_url=&#8221;https://photos.app.goo.gl/2BQKiNgHpKSmE3qS7&#8243; button_text=&#8221;03/12 &#8211; ABERTURA SOLENE DOS DIÁLOGOS FNP &#8211; MERCOCIDADES&#8221; _builder_version=&#8221;4.24.3&#8243; _module_preset=&#8221;default&#8221; custom_button=&#8221;on&#8221; button_text_color=&#8221;#003E8B&#8221; global_colors_info=&#8221;{}&#8221;][/et_pb_button][et_pb_button button_url=&#8221;https://drive.google.com/drive/folders/1YySLcxW1u5Fy0QaerIUacOqtxcEV0Leq?usp=sharing&#8221; button_text=&#8221;03/12 &#8211; CONFERÊNCIA FOMERCO&#8221; _builder_version=&#8221;4.24.3&#8243; _module_preset=&#8221;default&#8221; custom_button=&#8221;on&#8221; button_text_color=&#8221;#003E8B&#8221; global_colors_info=&#8221;{}&#8221;][/et_pb_button][et_pb_button button_url=&#8221;https://drive.google.com/drive/folders/1iTy_pkBgH3Q9dB15m5N6Mqjbu9O8vCfQ&#8221; button_text=&#8221;03/12 &#8211; Seminário Temático Conexão Urbana: Projeto FNP-Sebrae&#8221; _builder_version=&#8221;4.24.3&#8243; _module_preset=&#8221;default&#8221; custom_button=&#8221;on&#8221; button_text_color=&#8221;#003E8B&#8221; global_colors_info=&#8221;{}&#8221;][/et_pb_button][et_pb_button button_url=&#8221;https://drive.google.com/drive/folders/1P8BT0YEY56GfGE5yyJxjzdQLUypkU1GS&#8221; button_text=&#8221;04/12 &#8211; VISITAS TÉCNICAS&#8221; _builder_version=&#8221;4.24.3&#8243; _module_preset=&#8221;default&#8221; custom_button=&#8221;on&#8221; button_text_color=&#8221;#003E8B&#8221; global_colors_info=&#8221;{}&#8221;][/et_pb_button][et_pb_button button_url=&#8221;https://drive.google.com/drive/folders/1E6-NmhfOjjizT2SSXnoq56MQyBNlPidc&#8221; button_text=&#8221;04/12 &#8211; REUNIÃO DO CONSELHO DE MERCOCIDADES&#8221; _builder_version=&#8221;4.24.3&#8243; _module_preset=&#8221;default&#8221; custom_button=&#8221;on&#8221; button_text_color=&#8221;#003E8B&#8221; global_colors_info=&#8221;{}&#8221;][/et_pb_button][et_pb_button button_url=&#8221;https://drive.google.com/drive/folders/10wlwOr8sZQIjd69-j7DMkrkKRjNItKqr&#8221; button_text=&#8221;04/12 &#8211; ABERTURA OFICIAL DA XXX CÚPULA DE MERCOCIDADES&#8221; _builder_version=&#8221;4.24.3&#8243; _module_preset=&#8221;default&#8221; custom_button=&#8221;on&#8221; button_text_color=&#8221;#003E8B&#8221; global_colors_info=&#8221;{}&#8221;][/et_pb_button][et_pb_button button_url=&#8221;https://photos.google.com/share/AF1QipMlZQJjaYEl9v4pCfnr-VvU_EZoADNiSfqdUzf8qRXB8WOtN44wKE4bGsMHJud6sA?key=cWpwQkp3VkdkbGRtbDc0VmwxRXRJX1hhV0NwRnJ3&#8243; button_text=&#8221;05/12 &#8211; ASSEMBLEIA MERCOCIDADES E POSSE PARA PRESIDENTE DA REDE&#8221; _builder_version=&#8221;4.24.3&#8243; _module_preset=&#8221;default&#8221; custom_button=&#8221;on&#8221; button_text_color=&#8221;#003E8B&#8221; global_colors_info=&#8221;{}&#8221;][/et_pb_button][/et_pb_column][/et_pb_row][/et_pb_section]</p>
